e factors of 38267557?
61, 257, 2441
List the prime factors of 1694475.
3, 5, 17, 443
What are the prime factors of 908202929?
13711, 66239
What are the prime factors of 45545029?
1307, 34847
List the prime factors of 540470673.
3, 71, 163, 5189
What are the prime factors of 41628269?
3467, 12007
What are the prime factors of 1525055374?
2, 18427, 41381
List the prime factors of 485864067.
3, 13, 19, 655687
List the prime factors of 11603402.
2, 5801701
What are the prime factors of 43899221?
1399, 31379
List the prime factors of 52296102.
2, 3, 2905339
What are the prime factors of 516754875?
3, 5, 7, 13, 19, 797
What are the prime factors of 2125061122?
2, 233, 4560217
What are the prime factors of 938574670?
2, 5, 11, 61, 137, 1021
List the prime factors of 146989674.
2, 3, 13, 41, 5107
What are the prime factors of 191108157?
3, 47, 103, 13159
What are the prime factors of 4503143136?
2, 3, 23, 2039467
List the prime factors of 444493185.
3, 5, 29632879
What are the prime factors of 906066771?
3, 14813, 20389
What are the prime factors of 369730486?
2, 193, 957851
List the prime factors of 1608365230.
2, 5, 29, 1669, 3323
What are the prime factors of 1099671959?
31, 4049, 8761
What are the prime factors of 1078263637?
11, 103, 951689
What are the prime factors of 407377491?
3, 719, 188863
What are the prime factors of 44061103?
44061103
List the prime factors of 4430167061.
4430167061
What are the prime factors of 9388482981?
3, 3129494327
List the prime factors of 1169731788.
2, 3, 7477, 13037
List the prime factors of 1140138371.
17, 277, 242119
List the prime factors of 124832474.
2, 13, 31, 61, 2539
What are the prime factors of 84971456?
2, 1327679
What are the prime factors of 94557333?
3, 13, 2424547
List the prime factors of 1721376466.
2, 860688233
What are the prime factors of 128673965?
5, 7, 3676399
List the prime factors of 70287880.
2, 5, 13, 29, 59, 79
What are the prime factors of 366262309?
7, 1021, 7321
What are the prime factors of 2448593196?
2, 3, 7, 1579, 18461
List the prime factors of 358839860.
2, 5, 97, 184969
What are the prime factors of 210618671?
210618671
What are the prime factors of 50284475?
5, 857, 2347
List the prime factors of 5046958093.
50263, 100411
What are the prime factors of 338827797?
3, 7, 11, 69847
List the prime factors of 292566406.
2, 11, 31, 41, 10463
What are the prime factors of 157264413?
3, 52421471
List the prime factors of 99156646.
2, 109, 454847
What are the prime factors of 111815681?
17, 709, 9277
List the prime factors of 183438277.
11, 16676207
What are the prime factors of 26480906?
2, 13240453
List the prime factors of 214652763.
3, 13, 1834639
List the prime factors of 176644777.
176644777
List the prime factors of 1416850010.
2, 5, 227, 624163
What are the prime factors of 831563033?
7, 118794719
List the prime factors of 10633152.
2, 3, 55381
What are the prime factors of 96890302?
2, 443, 109357
List the prime factors of 1060778843.
1060778843
List the prime factors of 108913448.
2, 7, 1944883
What are the prime factors of 53985044?
2, 13496261
List the prime factors of 505150843.
505150843
List the prime factors of 159467649.
3, 11, 4832353
What are the prime factors of 199731005?
5, 39946201
What are the prime factors of 2286305788?
2, 13, 47, 251, 3727
List the prime factors of 23170743.
3, 107, 24061
List the prime factors of 3677877120.
2, 3, 5, 19, 41, 2459
What are the prime factors of 68649223?
19, 787, 4591
List the prime factors of 530612876.
2, 1283, 103393
What are the prime factors of 71718152?
2, 11, 43, 1723
What are the prime factors of 1952973848?
2, 7, 3499, 9967
List the prime factors of 70535765.
5, 14107153
List the prime factors of 226763804.
2, 56690951
What are the prime factors of 128520637?
7, 31, 592261
What are the prime factors of 121964041?
3613, 33757
What are the prime factors of 4532198475?
3, 5, 7, 8632759
List the prime factors of 138401213.
3643, 37991
What are the prime factors of 711139775?
5, 2393, 11887
List the prime factors of 54327463.
54327463
List the prime factors of 18895061.
179, 283, 373
List the prime factors of 506857057.
7, 17, 4259303
List the prime factors of 16146417.
3, 7, 29, 26513
List the prime factors of 2555086584.
2, 3, 127, 449, 1867
What are the prime factors of 37198234?
2, 41, 453637
List the prime factors of 416531831.
67, 6216893
What are the prime factors of 223663300?
2, 5, 7, 319519
List the prime factors of 915447869.
7, 130778267
What are the prime factors of 335689449?
3, 111896483
What are the prime factors of 164492968?
2, 20561621
What are the prime factors of 168464575?
5, 163, 41341
What are the prime factors of 139372402?
2, 13, 653, 8209
List the prime factors of 71763026.
2, 839, 42767
What are the prime factors of 876533560?
2, 5, 7, 447211
List the prime factors of 1645895556.
2, 3, 45719321
List the prime factors of 163863977.
67, 1303, 1877
What are the prime factors of 5999444474?
2, 41, 73163957
What are the prime factors of 87932297?
787, 111731
List the prime factors of 134142693.
3, 23, 41, 47417
List the prime factors of 15195293.
15195293
What are the prime factors of 32894540?
2, 5, 7, 234961
What are the prime factors of 833323756?
2, 67, 443, 7019
List the prime factors of 642921278.
2, 19, 16918981
What are the prime factors of 82881489?
3, 23, 59, 20359
List the prime factors of 51129896.
2, 349, 18313
What are the prime factors of 1382591937?
3, 2381, 193559
What are the prime factors of 87778187?
7, 47, 479, 557
What are the prime factors of 584774734?
2, 29, 10082323
What are the prime factors of 68248015?
5, 11, 23, 53951
List the prime factors of 93722843.
41, 43, 53161
What are the prime factors of 23246625?
3, 5, 61991
List the prime factors of 354333915.
3, 5, 13, 467, 1297
List the prime factors of 45446812.
2, 11361703
What are the prime factors of 458521949?
4261, 107609
List the prime factors of 1377161586.
2, 3, 683, 112019
List the prime factors of 82988491.
5669, 14639
List the prime factors of 1178091879.
3, 193, 541, 3761
What are the prime factors of 154823821?
154823821
List the prime factors of 552081889.
552081889
What are the prime factors of 2060280463?
41, 50250743
List the prime factors of 61073573.
11, 751, 7393
What are the prime factors of 3103215120?
2, 3, 5, 4310021
List the prime factors of 35475885.
3, 5, 788353
What are the prime factors of 365993801?
101, 3623701
What are the prime factors of 68335726?
2, 83, 211, 1951
What are the prime factors of 684072164?
2, 23, 31, 239857
List the prime factors of 49391535.
3, 5, 3292769
What are the prime factors of 499862143?
11, 43, 67, 15773
List the prime factors of 126985925.
5, 11, 29, 15923
What are the prime factors of 53328074?
2, 2963, 8999
List the prime factors of 5298514201.
5298514201
List the prime factors of 244322949.
3, 13, 353, 17747
List the prime factors of 46645507.
103, 452869
What are the prime factors of 1516852826?
2, 97, 7818829
List the prime factors of 608751710.
2, 5, 7, 1861, 4673
What are the prime factors of 142440150?
2, 3, 5, 19, 23, 41, 53
What are the prime factors of 3860665710?
2, 3, 5, 11, 523, 22369
List the prime factors of 193212897.
3, 6829, 9431
What are the prime factors of 1534949947?
2243, 684329
List the prime factors of 166150434.
2, 3, 151, 183389
What are the prime factors of 291051465?
3, 5, 19403431
List the prime factors of 6464764464.
2, 3, 53, 311, 8171
List the prime factors of 1346746300.
2, 5, 277, 48619
List the prime factors of 81549296.
2, 227, 22453
What are the prime factors of 100508465?
5, 37, 543289
What are the prime factors of 52994898?
2, 3, 11, 23, 431
List the prime factors of 3758876745.
3, 5, 13, 19276291
List the prime factors of 22936486.
2, 59, 194377
What are the prime factors of 1066596038?
2, 127, 443, 9479
What are the prime factors of 7656560067?
3, 13, 6067, 32359
What are the prime factors of 411510264?
2, 3, 11, 191, 8161
What are the prime factors of 228104605?
5, 1777, 25673
List the prime factors of 343103942.
2, 73, 1217, 1931
List the prime factors of 5921791531.
23, 4019, 64063
What are the prime factors of 623888464?
2, 2383, 16363
List the prime factors of 748176417.
3, 83130713
What are the prime factors